the greatest common factor of 17594 and 152?
38
What is the greatest common divisor of 224 and 142520?
56
Calculate the highest common divisor of 9492 and 8.
4
Calculate the highest common factor of 725 and 1625.
25
What is the greatest common factor of 6 and 14047806?
6
Calculate the highest common divisor of 935 and 5720.
55
Calculate the greatest common factor of 477 and 134779.
53
Calculate the greatest common divisor of 557015 and 3535.
505
What is the highest common factor of 1184 and 52614?
74
What is the greatest common divisor of 1120 and 75460?
140
What is the highest common factor of 3213 and 96033?
357
What is the greatest common divisor of 216 and 6021?
27
What is the highest common divisor of 288 and 1328?
16
Calculate the greatest common divisor of 21 and 2703.
3
What is the highest common divisor of 63 and 11207?
7
Calculate the greatest common factor of 1162 and 3178.
14
What is the highest common divisor of 25 and 63275?
25
What is the highest common factor of 1376026 and 2?
2
What is the greatest common factor of 175 and 282905?
35
Calculate the greatest common divisor of 187936 and 448.
224
Calculate the highest common divisor of 68568 and 24.
24
What is the greatest common divisor of 114 and 97793?
19
Calculate the highest common divisor of 396 and 6292.
44
What is the greatest common factor of 8225 and 8050?
175
What is the greatest common factor of 79280 and 64?
16
Calculate the greatest common factor of 4664 and 406934.
1166
What is the greatest common factor of 61222 and 18?
2
Calculate the greatest common factor of 396 and 1738548.
36
What is the greatest common divisor of 1546 and 31693?
773
What is the greatest common factor of 507 and 231361?
169
Calculate the highest common divisor of 5725 and 45275.
25
Calculate the highest common divisor of 1330 and 5.
5
What is the highest common divisor of 525675 and 1304?
163
Calculate the highest common factor of 19 and 8240984.
19
Calculate the greatest common divisor of 17664 and 15.
3
What is the highest common factor of 144395 and 145?
5
What is the highest common divisor of 398 and 19588?
2
Calculate the greatest common factor of 145962 and 408.
102
What is the highest common factor of 184 and 170936?
184
What is the highest common factor of 11 and 338558?
11
Calculate the greatest common factor of 42296 and 408.
136
Calculate the greatest common factor of 192 and 1884.
12
Calculate the highest common divisor of 782 and 10718.
46
Calculate the greatest common factor of 24 and 588248.
8
What is the greatest common divisor of 6293910 and 1720?
430
Calculate the greatest common divisor of 65592 and 99.
9
What is the greatest common divisor of 4346 and 492?
82
Calculate the highest common divisor of 36 and 924444.
36
What is the greatest common divisor of 38 and 146?
2
What is the highest common divisor of 223776 and 1416?
24
What is the highest common divisor of 6525 and 405?
45
What is the greatest common divisor of 897876 and 252?
252
Calculate the greatest common factor of 1003 and 1853.
17
What is the greatest common factor of 427 and 275171?
61
What is the greatest common factor of 131397 and 14?
7
What is the greatest common factor of 17 and 22049?
17
What is the highest common divisor of 16 and 629296?
16
What is the highest common divisor of 71578 and 598?
26
What is the highest common divisor of 110931 and 618?
309
Calculate the greatest common factor of 92340 and 950.
190
Calculate the greatest common divisor of 10268 and 221.
17
What is the highest common divisor of 172 and 32?
4
What is the greatest common factor of 66994 and 152?
38
What is the highest common divisor of 3705800 and 112?
56
Calculate the greatest common divisor of 64 and 10192.
16
What is the greatest common divisor of 357 and 17241?
21
Calculate the highest common factor of 15779 and 1333.
31
What is the greatest common factor of 396 and 89188?
44
What is the highest common factor of 9 and 1923?
3
Calculate the highest common divisor of 15 and 703155.
15
What is the highest common factor of 447220 and 80?
20
What is the highest common factor of 790080 and 80?
80
What is the greatest common factor of 6336 and 48796?
44
What is the greatest common divisor of 38 and 167922?
38
What is the greatest common factor of 1352 and 8?
8
What is the greatest common factor of 648 and 3200?
8
What is the highest common factor of 7012 and 440?
4
Calculate the greatest common factor of 36335 and 645.
215
What is the highest common divisor of 389 and 555103?
389
Calculate the highest common divisor of 22 and 56749.
11
What is the greatest common divisor of 2888 and 44?
4
Calculate the highest common divisor of 2083500 and 540.
180
Calculate the greatest common factor of 1164 and 2652.
12
What is the greatest common divisor of 2997 and 29808?
81
Calculate the greatest common divisor of 4968 and 69966.
414
Calculate the greatest common factor of 6612 and 30972.
348
What is the highest common divisor of 7161 and 5313?
231
Calculate the greatest common factor of 57 and 8607.
57
What is the greatest common factor of 303 and 12423?
303
What is the greatest common divisor of 1795212 and 752?
188
Calculate the highest common factor of 10217 and 153.
17
What is the highest common divisor of 136 and 1189456?
136
What is the greatest common factor of 1821983 and 232?
29
What is the highest common divisor of 141893 and 329?
47
Calculate the highest common factor of 669 and 24.
3
Calculate the highest common divisor of 201 and 4.
1
Calculate the greatest common divisor of 53 and 19213.
1
Calculate the greatest common divisor of 884 and 99671.
221
What is the greatest common factor of 8 and 8371672?
8
What is the greatest common factor of 37282 and 112?
14
Calculate the greatest common factor of 4200 and 8862.
42
Calculate the greatest common factor of 57036 and 168.
84
What is the greatest common divisor of 1446 and 168?
6
What is the highest common divisor of 5645 and 115?
5
What is the greatest common factor of 25450 and 7225?
25
What is the highest common factor of 96 and 556848?
48
What is the highest common factor of 177055 and 290?
5
What is the greatest common divisor of 51508 and 9780?
652
What is the highest common divisor of 238 and 139258?
14
Calculate the highest common divisor of 22450 and 30.
10
What is the highest common divisor of 134 and 1538?
2
Calculate the highest common factor of 49508 and 76.
4
What is the greatest common divisor of 2010 and 242205?
1005
Calculate the greatest common divisor of 7196592 and 247.
247
What is the highest common factor of 4154 and 1072?
134
Calculate the highest common factor of 21098 and 1232.
154
Calculate the greatest common divisor of 633 and 133141.
211
What is the greatest common factor of 747682 and 32929?
1937
Calculate the highest common factor of 165 and 270105.
165
What is the greatest common divisor of 126040 and 736?
184
Calculate the greatest common factor of 3 and 9038.
1
Calculate the highest common divisor of 12516 and 1792.
28
What is the greatest common factor of 582 and 6582?
6
What is the greatest common factor of 18 and 72909?
9
Calculate the greatest common divisor of 117 and 85293.
117
What is the highest common factor of 600045 and 545?
545
What is the highest common divisor of 83 and 554191?
83
Calculate the highest common factor of 180050 and 1662.
554
Calculate the highest common factor of 3220156 and 868.
124
What is the greatest common divisor of 6 and 37246?
2
What is the highest common divisor of 28476 and 288?
36
What is the highest common divisor of 1095 and 10890?
15
What is the highest common divisor of 280 and 1033144?
56
Calculate the greatest common factor of 8 and 323808.
8
Calculate the greatest common factor of 5157 and 6494.
191
What is the greatest common divisor of 5350 and 32314?
214
What is the greatest common divisor of 6475 and 98420?
1295
What is the greatest common divisor of 2959 and 4631?
11
What is the highest common factor of 3102 and 781187?
517
Calculate the greatest common divisor of 219 and 519.
3
What is the greatest common factor of 17 and 719?
1
Calculate the greatest common divisor of 770 and 29190.
70
What is the greatest common divisor of 188 and 607193?
47
What is the highest common divisor of 154452 an